when 63 is divided by w.
15
Let n = 596 + -524. What is the remainder when n is divided by 38?
34
Let o(u) = -u**2 + 11*u - 6. Let q be o(10). Let r(n) = -n**3 + 6*n**2 - 5*n + 3. Calculate the remainder when 43 is divided by r(q).
13
Let v(i) = -i**2 + 29. What is the remainder when v(0) is divided by (-3)/((-18)/(-20))*(-24)/8?
9
Suppose -3*s + 2526 = 3*q, 0 = 5*q + s + 3*s - 4205. Suppose 12*d = 3*d + q. Calculate the remainder when d is divided by 25.
18
Suppose 13 = 8*t - 131. Let z = t - -18. What is the remainder when 178 is divided by z?
34
Let x(w) = -41*w + 3. Let j be x(1). Let n = j + 47. Suppose 6*h - 128 = 2*h. What is the remainder when h is divided by n?
5
Suppose j = 13 + 3. Let u(l) = l**3 - l**2 + 7*l - 14. Let c be u(4). Let r = c - j. Calculate the remainder when r is divided by 16.
14
What is the remainder when 59 + 11 - (-10)/2 is divided by 48?
27
Let j(k) = 4*k**2 - 5*k + 7*k + 101*k**2 - 1 + 5*k**2. What is the remainder when j(-1) is divided by 22?
19
Suppose 2*l - 7*l = 4*n - 1, 2 = -3*l - 5*n. Let t = 2 - 1. Calculate the remainder when t is divided by l.
0
Let i(l) = 6*l - 22. Let k be i(7). Suppose -5*g - k = -3*p, -4 - 18 = -5*p - 3*g. What is the remainder when 18 is divided by p?
3
Suppose 10 = -2*w, -5*t - 5*w + 50 + 65 = 0. What is the remainder when 101 is divided by t?
17
Suppose -95 = -4*r - r. Let t = -130 - -189. Suppose 0 = -a + t - 48. Calculate the remainder when r is divided by a.
8
Let g(l) = 8*l**3 - l + 1. Let i be g(1). Suppose i - 12 = -o. Suppose -2*q - c = -17, 0*c - 2*c + 1 = q. Calculate the remainder when q is divided by o.
3
Suppose 19*q - 110 = 24*q. Let i = 16 + q. Calculate the remainder when (i - 3)/((-5)/15) is divided by 7.
6
Suppose 5*p = 103 + 57. What is the remainder when 604 is divided by p?
28
Suppose 7*l - 192 - 494 = 0. What is the remainder when l is divided by 31?
5
What is the remainder when -2*174/(-12) - -6 is divided by 12?
11
Suppose 2*s = 3*i + 244, -2*i = s + 50 - 172. Calculate the remainder when 974 is divided by s.
120
Let r = 17 - 0. What is the remainder when 252 is divided by r?
14
Let d(z) = -1. Let i(r) = -r - 5. Let x(k) = -10*d(k) + 2*i(k). Calculate the remainder when x(-16) is divided by 18.
14
Let i be (1 - 1/(-2))/((-1)/(-4)). Calculate the remainder when (-21)/12*-4*i is divided by 15.
12
Let n = 173 + -119. Suppose 3*x - 2*i = -1, 19 - 44 = -5*i. Suppose -q - 4*c = -x, c - 72 = -0*q - 4*q. Calculate the remainder when n is divided by q.
16
Let l be (78 + -1 - -1) + 42/(-21). Suppose -79*d = -l*d - 21. What is the remainder when 59 is divided by d?
3
Suppose 1016 = 8*x - 352. Calculate the remainder when x is divided by 3.
0
Let u = 256 - 245. What is the remainder when 20 is divided by u?
9
Let r be (7/(-3))/((-6)/54). Suppose -3*i = 5*q + 85, -2*q - 2*i = 3*i + 34. Let h = r + q. What is the remainder when 10 is divided by h?
2
Let x be -45 + (0 + 3 - 2). Let m = x + 50. Calculate the remainder when 8 is divided by m.
2
Calculate the remainder when 240 is divided by (-4)/14 + (1404/(-7))/(-9).
20
Let s = 675 + -645. What is the remainder when 166 is divided by s?
16
Calculate the remainder when (70 + -85)/((-6)/92) is divided by 41.
25
Let m = -90 + 112. What is the remainder when 62 is divided by m?
18
Let f(n) = -11*n - 3. Let d be f(-6). Let r = d - 17. Let p(t) = -t + 27. What is the remainder when r is divided by p(15)?
10
Suppose 8*z - 4 = 6*z. What is the remainder when 27 is divided by -2 + z + (-2 - -3 - -2)?
0
Let i = -475 - -1211. What is the remainder when i is divided by 74?
70
Let a = -40 + 70. Suppose 128 = 8*v - 8. Calculate the remainder when a is divided by v.
13
Suppose -2*w = -61 + 85. Let v(h) = h**3 - h**2 + h + 12. Let t be v(0). Let o = t - w. What is the remainder when 45 is divided by o?
21
Suppose h + 196 = 2*l - 248, 3*l - 648 = -3*h. Suppose -28 = 4*w - l. What is the remainder when w is divided by 1/((-104)/(-34) - 3)?
14
Suppose 3*i - 2*i - 88 = -4*a, 0 = 5*a - 2*i - 110. Let f = a + -1. Let n = 21 + -15. What is the remainder when f is divided by n?
3
Suppose -25*x - 15*x = -360. Calculate the remainder when (-36 + 2)*(-1)/2 is divided by x.
8
Suppose 0 = -18*z + 145 + 53. Let u(x) be the first derivative of x**3/3 - x**2 - 4*x + 1. Calculate the remainder when z is divided by u(4).
3
Let i be (0 - 0)/(-6 - -9). Suppose 0*y + 3*y - 183 = i. What is the remainder when y is divided by 32?
29
Let x(g) = g**3 - 2*g**2 + 10. Let o be 0 - -1 - 7/7. What is the remainder when 46 is divided by x(o)?
6
What is the remainder when (1/(-2))/(2/(-152)) is divided by (181 - 177)*((-13)/(-4) + 0)?
12
Let z(v) = 10*v + 4. Let p(h) = -2*h**2 + 20*h + 13. Let y be p(11). Let n = 3 - y. What is the remainder when z(3) is divided by n?
10
Let m(g) = 106*g**2 + 24*g + 77. What is the remainder when m(-3) is divided by 37?
34
Let f(g) = -g + 16*g + 6*g**2 - 20*g**2 - 14 + g**3. Suppose -2*y = u - 26, -y - u + 13 = 2*u. What is the remainder when 23 is divided by f(y)?
11
Let h(l) = 70*l - 177. Calculate the remainder when 190 is divided by h(3).
25
Suppose 105*i + 3948 = 133*i. Suppose -b + 21 - 8 = 2*n, -2*b - 5*n = -28. Calculate the remainder when i is divided by b.
6
Let h(m) = -10*m + 3. Let n(o) = -9*o + 2. Let j(v) = 4*h(v) - 5*n(v). Let t be j(-1). Calculate the remainder when 29 + (t/1 - 1) is divided by 9.
7
Suppose 0 = 2*n + 2*n. Let h(t) = t**3 + t**2 - t + 2. Calculate the remainder when (n - -24)*48/36 is divided by h(2).
8
Let v(j) be the first derivative of -j**3/3 - 9*j**2/2 + 9*j - 3. Let h be v(-6). Let k = h - -12. Calculate the remainder when k is divided by 14.
11
Let h be (-48)/(4 + 0 + -3). Let p = h + 76. What is the remainder when p is divided by 15?
13
Suppose 4*c - 322 = -186. What is the remainder when 47 is divided by c?
13
Suppose 0 = -3*a + c + 35, a - 169 = -3*c - 144. What is the remainder when 125 is divided by a?
8
Suppose -6 + 2 = -x. Suppose 0*m - 48 = -x*m. What is the remainder when 12/1 + m/(-6) is divided by 4?
2
What is the remainder when (-95750)/75*(-12)/8 is divided by 137?
134
Let t(l) = -2*l**2 - l + 3*l - 7 + 3*l**2. Let x(d) = 3*d**2 + 9*d - 15. Calculate the remainder when t(5) is divided by x(-5).
13
Let b = 483 + -466. What is the remainder when 49 is divided by b?
15
Let g be ((1 + 0)*7 - 3)*1. What is the remainder when 11/((-33)/(-26))*30/g is divided by 17?
14
Suppose -3*m + 85 = k, 7*k - 347 = 3*k - 5*m. Let f = 120 - k. What is the remainder when f is divided by 10?
2
Let o = 1551 + -1192. What is the remainder when o is divided by 125?
109
Let f = -26 - -28. Suppose 4*c + c + 2*m - 59 = 0, -3*c = f*m - 37. Calculate the remainder when c is divided by 2.
1
Suppose 2*f = 5*w + 59, 0 = 8*f - 2*w - 158 - 132. Calculate the remainder when 67 is divided by f.
30
Suppose -3*w - 203 = -2*r, -11*r - 208 = -13*r + 4*w. What is the remainder when r is divided by 30?
4
Suppose 0 = 2*c - 74 + 20. Calculate the remainder when 45 is divided by c.
18
Let i = 245 + -227. Calculate the remainder when 64 is divided by i.
10
Suppose -6*v + a = -7*v + 6, 4*v - 3*a = 52. What is the remainder when 78 is divided by v?
8
Suppose 179 = 5*i - 3*k - 228, -4*i = 5*k - 333. Suppose 5*p + m = 66, 6 = -m + 2. What is the remainder when i is divided by p?
12
Let a = 89 - -18. Calculate the remainder when a is divided by 22.
19
Let x(c) = 110*c**2. Let s be x(-1). Suppose 0*l - s = -2*l. Let g(p) = -4*p - 6. What is the remainder when l is divided by g(-5)?
13
Let k = 28 - 20. Let w(o) = -1 + 1 + 7 - 5 - 5*o. What is the remainder when w(-7) is divided by k?
5
Suppose 21 = 2*b - 3. Suppose -370 = -3*v - 2*v. Suppose -2*x = -3*x - 4*n + 52, -2*n = 2*x - v. What is the remainder when x is divided by b?
8
Suppose 0 = -5*a - 5, -3*b + a + 13 = -0*a. Calculate the remainder when 46 is divided by b.
2
Suppose -2*t = -4*t + 60. Calculate the remainder when 108 is divided by t/9*7/((-7)/(-3)).
8
Let g be 1*-2*110/20. Let t = g + 20. What is the remainder when 33 is divided by t?
6
Suppose -3*z - 9 = -k, -70*k = -72*k + 2*z + 30. Calculate the remainder when 155/3 - (-2)/(-3) is divided by k.
15
Suppose 4*m = 4*k - 20, -5*m = -3*k - 3*m + 15. Suppose -4*z = -k*n - 276, 4*z - z + 5*n - 172 = 0. What is the remainder w